81 - 80. What is the remainder when 38 is divided by (0 + r)/((-1)/(-13))?
12
Let v(m) = 4*m - 62. Let s be v(23). Suppose -t + 2*h + s = -14, -120 = -3*t + 3*h. Calculate the remainder when 179 is divided by t.
35
Suppose -20 = -7*j - 6. Calculate the remainder when (2 + -3)*(j + -9) is divided by 4.
3
Let o = -1106 - -1189. What is the remainder when o is divided by 52?
31
Let y = 73 - 70. Calculate the remainder when 54 is divided by y.
0
Suppose -918 = -80*q - 198. What is the remainder when 4/(-14) - (-746)/14 is divided by q?
8
What is the remainder when 136 is divided by -1*17*(-4 + 1)?
34
Let v be 3 + (-2 - (4 + -3)). Let j = 9 - v. Let a = 49 - j. Calculate the remainder when a is divided by 15.
10
Suppose 7*m - 196 + 1141 = 0. Let j = -85 - m. Suppose -6*t + 34 = -4*t. Calculate the remainder when j is divided by t.
16
Let s = -290 + 368. Calculate the remainder when s is divided by 16.
14
Let g = 45 - 33. Let u = g - -7. Suppose -4 = -2*x + 6. What is the remainder when u is divided by x?
4
Suppose 2*f + 5 + 0 = -g, 25 = -5*g. Suppose f*o - 76 = -o. Let c = 145 - o. Calculate the remainder when c is divided by 24.
21
Suppose 0 = 4*r + c - 19, 4*c - 8*c - 4 = 0. Suppose -4*l + 0 = -8, r*k - 3*l - 209 = 0. What is the remainder when k is divided by ((-6)/4)/(6/(-44))?
10
Let z(n) = n**2 + 5*n - 2. Let i be z(-7). Suppose i*q - 10*q - 32 = 0. Calculate the remainder when 27 is divided by q.
11
What is the remainder when 1 - -2*(-2 + 76) is divided by 8?
5
Let b(y) = 2*y**2 + 18*y + 17. Suppose -2*x - 2*f - 35 - 1 = 0, -x = -f + 8. Calculate the remainder when b(x) is divided by 31.
28
Suppose -1062 = 19*f - 10*f. Let d = 148 + f. Calculate the remainder when d is divided by 20.
10
Suppose 175 = 10*g - 245. What is the remainder when g is divided by 29?
13
Suppose 8 = 2*b - 3*g - 2, 4*g = 5*b - 18. Suppose h + b*h - 25 = -t, -4*t - 3*h = -91. Suppose -3*u = u - 24. Calculate the remainder when t is divided by u.
4
Let f = -1429 + 1446. Suppose 6*q - q - 245 = 0. Calculate the remainder when q is divided by f.
15
Suppose 3*p = l + 282, -2*p - 14*l + 15*l = -189. What is the remainder when 349 is divided by p?
70
Suppose 2*x + 5 + 11 = 0. Calculate the remainder when (-294)/(-10) - 4/(-80)*x is divided by 15.
14
Let i = -323 + 384. Suppose 25 - 89 = -4*d. What is the remainder when i is divided by d?
13
Suppose -742 = -5*p + 128. Suppose -2*o + 4*l = -p, -459 = -5*o + 4*l - 0*l. Calculate the remainder when 41 is divided by (-1)/(-5) - (-2071)/o.
19
Suppose 4*i - 208 = -4*b, -4*i + 188 + 44 = -2*b. Calculate the remainder when i is divided by 30.
26
Let a(i) = 42*i - 3. Let w be a(3). Suppose -5*d - c = -d - 241, c - w = -2*d. Calculate the remainder when d is divided by 31.
28
Suppose -2*p + 378 = 2*d, -5*p - d + 245 = -688. What is the remainder when p is divided by 38?
34
Let o(q) = 4*q + 58. Suppose -v + 6*v - 255 = 0. What is the remainder when v is divided by o(-10)?
15
Let w(a) = 3*a**2 - 17*a - 3. Let v(h) = 10*h**2 - 51*h - 9. Let l(j) = 4*v(j) - 14*w(j). Calculate the remainder when 44 is divided by l(17).
2
Suppose 145 = -196*s + 201*s. Suppose r + 0*r - 4*n - 104 = 0, -3*r - 4*n = -344. Calculate the remainder when r is divided by s.
25
Let q(n) = n**2 + 4*n + 17. What is the remainder when q(10) is divided by 16?
13
Suppose 0 = 4*c + 2*d - 14, 5*d - 4*d - 3 = -c. Suppose c - 9 = -l. Calculate the remainder when (-2)/1*(-14)/4 is divided by l.
2
Suppose 2*x = 2*r + 118, -322 = -5*x - r - 15. What is the remainder when 164 is divided by x?
42
What is the remainder when 93 + 2 + -6*1/(-6) is divided by 23?
4
Suppose 0 = -2*j - 2*j + 4. Suppose -c + j + 3 = 0. Suppose c*p = 3*p + 58. What is the remainder when p is divided by 12?
10
Suppose 0 = -5*l + 9*f - 14*f + 45, 2*f = -l + 10. What is the remainder when 94 is divided by l?
6
Let w(f) = -f**2 + 10*f + 42. What is the remainder when w(6) is divided by 14?
10
Let s(z) = 8*z - 60. Let m be s(9). Suppose -5*b + 98 = -m. What is the remainder when b is divided by 6?
4
Suppose -f - 35 = -110. Suppose -7*b - f = -8*b. Calculate the remainder when b is divided by 13.
10
Let u be -1 + (-93)/6*-6. Suppose 2*j - u = -2*j. Suppose 0 = -6*l + l + 450. What is the remainder when l is divided by j?
21
Let d = -1410 - -1454. Calculate the remainder when 657 is divided by d.
41
Let k = 14 + 6. Suppose -2*v + 5*l - 5 = -16, -4*l + k = 0. What is the remainder when v is divided by 12?
6
Let q(i) = i**3 - 6*i**2 + 5*i + 7. Calculate the remainder when 74 is divided by q(5).
4
Suppose 0*z = 2*t + 3*z - 653, 3*z + 683 = 2*t. What is the remainder when t is divided by 20?
14
Let f(v) = 5*v - 40. Calculate the remainder when 36 is divided by f(9).
1
Suppose b - 28 = -3*m - 1, 0 = 5*b + 4*m - 168. Calculate the remainder when (27/(-54))/(1*(-2)/b) is divided by 3.
0
Let p = 3 - 17. Let m be 3924/14 + 4/p. Suppose 0 = 5*u + 4*h - m, -2*u - u + 5*h + 205 = 0. What is the remainder when u is divided by 21?
18
Let r(p) = 3*p - 5*p - 25 + 7*p. Let d = 98 - 84. Calculate the remainder when r(d) is divided by 16.
13
Let y(q) = -10*q - 18. Let w be y(-8). Suppose -5*d - 3*h + w = 0, 2*d + 4*h + 2 = 24. What is the remainder when 35 is divided by d?
9
Suppose -4*j + 8*j = -136. Let q = j + 37. Suppose 5*i - 58 = q*i. What is the remainder when 114 is divided by i?
27
Let r be 1*3*7/(56/24). Calculate the remainder when (-1812)/(-18) + 1 + (-15)/r is divided by 17.
15
Let q = -60 - -84. What is the remainder when 77 is divided by q?
5
Suppose 0 = 4*b - 3*s - 94, 4*s + 31 = b + 7*s. Calculate the remainder when 674 is divided by b.
24
Suppose d - 3*r = 121, -3*r + 0*r - 3 = 0. Suppose 161 = 9*y - d. Calculate the remainder when y is divided by 11.
9
Let k = -74 + 50. Calculate the remainder when 242 is divided by (366/k)/(28/16 - 2).
59
Suppose c + 5*y = -16, 11 - 3 = -2*y. Calculate the remainder when 4 - (12/(-18) - (-22)/6) is divided by ((-8)/c)/(-2)*1.
0
Let f(p) = -p + 68. Let m(u) = u**2 + 3*u - 3. Let t be m(2). Suppose -t*y = -5*y. What is the remainder when f(y) is divided by 23?
22
Let v(t) = t + 24. Let r be v(0). Suppose -b + 3*b = r. What is the remainder when ((-6)/(36/(-10)))/(1/12) is divided by b?
8
Let m(r) = -r**3 - 32*r**2 - 37*r - 105. Calculate the remainder when 890 is divided by m(-31).
80
Let d = -6 - -6. Suppose 48 = -3*m + 4*c, -60 = 4*m - 4*c - d*c. Calculate the remainder when 90/8 + 3/m is divided by 4.
3
Suppose 0 = 4*s - 20, -5*s + 3*s = 5*n - 40. Let w(q) = 4*q + 4 + 8*q - 17*q + n*q. Calculate the remainder when 43 is divided by w(7).
10
Suppose 11*i - 12*i + 8 = 0. Let a be 132/28 - (-4)/14. Let d = i - a. What is the remainder when 8 is divided by d?
2
Let v(c) = c**2 + 3*c + 1. Let l be (3 + -4)/(4/(-20)). Let z(t) = -t**3 + 5*t**2 - 6. Let s be z(l). Calculate the remainder when 56 is divided by v(s).
18
Let g(r) = -3*r**3 - 3*r**2 - 3*r - 3. Let v be g(-2). Let n = -46 + 34. Let i = n + v. Calculate the remainder when i is divided by 3.
0
Suppose -3*b = b + 12. Let z be (-18)/7*(b + -4). Calculate the remainder when (z/(-24))/(2/(-40)) is divided by 4.
3
Suppose 4*p - 1301 = -293. Suppose -u + 26 = 1. Suppose u = 3*d + 2*d, 4*d - p = -4*v. What is the remainder when v is divided by 15?
13
Let f = -35 + 37. Suppose -5*h - 2*w = -50, -3*w + 5 = -f*w. What is the remainder when 45 is divided by h?
5
Suppose 0 = -19*z + 3675 + 1322. What is the remainder when z is divided by 24?
23
Let o(a) = a**2 - 5*a - 9. Let t be o(6). Calculate the remainder when (390/20)/(t/(-8)) is divided by 16.
4
Let o(l) = l**2 - 3*l + 1. Let p be o(2). Let i(t) = t**3 - t**2 + 2*t - 1. Let k be i(1). Calculate the remainder when (-67)/p - (k + 1) is divided by 17.
14
Let j be 1 - 9/(3/(-1)). Suppose -17 = -j*s - 1. Suppose a = x + 6 - s, 3 = -4*x + 3*a. What is the remainder when 8 is divided by x?
2
Let o = -1725 - -1787. What is the remainder when 143 is divided by o?
19
Let x = -56 + 92. Let j = x + -71. Let w = -26 - j. What is the remainder when 35 is divided by w?
8
Let x = 336 - 262. Calculate the remainder when x is divided by 28.
18
Suppose -15*x = -313 - 1157. What is the remainder when x is divided by 33?
32
Suppose -l + 73 = 2*p - 46, 3*p - 4*l - 206 = 0. Suppose -4*s = -10*s + 66